 the units digit of i?
5
Let d(y) = y**2 + y - 1. Let u(a) = -a - 8. Let s be u(-7). Let z(j) = 2*j**2 + 6*j - 5. Let c(i) = s*z(i) + 3*d(i). What is the units digit of c(8)?
2
Suppose 15*x - 2088 = 372. What is the hundreds digit of x?
1
Let i(z) = -28*z - 60. Let a be i(-5). Suppose 5*v - 15 = -265. Let p = a + v. What is the tens digit of p?
3
Let h(c) = 5*c**3 - 2*c**3 + c**2 + 230 - c**3 - 3*c**3. What is the hundreds digit of h(0)?
2
Let b = 13 - 9. Let q = b + -26. Let d = -1 - q. What is the units digit of d?
1
Suppose -36 + 122 = 2*u. Let k = u - 131. What is the units digit of (-1 + -1)/(11/k)?
6
What is the hundreds digit of 12818/6 - 32/24?
1
Suppose 5*c - 7*c = -p + 5754, 5*c = -5. What is the tens digit of p?
5
Let c(i) = 127*i - 58. What is the hundreds digit of c(7)?
8
Suppose 3*c = -2*g + 2571, 5*g + 3068 - 9448 = 2*c. What is the hundreds digit of g?
2
Let k(z) = -z**2 - 26*z + 90. Let b be k(-29). What is the hundreds digit of ((-3)/(-6) - b/(-6))*103?
1
Suppose -3*u + 2*u + 4 = 0. Let b(m) = -5*m - u*m + 2 + m**2 + 4*m. What is the tens digit of b(-5)?
5
Suppose -924 = -5*p + 3*x, -368 = -2*p - 2*x + 4*x. What is the tens digit of p?
8
Let b(q) be the second derivative of -2*q**3/3 + q**2/2 + q. Let v(p) = -5*p + 1. Let m(k) = 2*b(k) - 3*v(k). What is the tens digit of m(6)?
4
Let u = 2 + -4. Let v be -8 + 6 + (0 - u). What is the units digit of 22 - 1/4*v?
2
Let n(c) be the first derivative of c**4/6 + c**3/3 - c**2 + c - 2. Let a(s) be the first derivative of n(s). What is the units digit of a(-2)?
2
Let u be 9/(18/320) + -1. Suppose 1073 = 8*s - u. What is the tens digit of s?
5
Suppose -4*m = -4*u - 8, 2*u + 13 - 5 = 3*m. Suppose 4*n - 65 = -r + 73, u*r + 5*n = 264. Suppose 4*w - r = -30. What is the tens digit of w?
2
Let c be (-6)/9 + (-78)/(-9). What is the units digit of (c/(-6))/((-2)/42)?
8
Let n(u) = 114*u**2 + 25*u - 70. What is the thousands digit of n(6)?
4
Let n(h) = h + 2. Let u be n(2). Suppose 0*g - 2*g = 4*i - u, 0 = g - 2*i + 2. Suppose g*c - 20 = -4*c. What is the units digit of c?
5
Let t(g) = -294*g - 6. What is the tens digit of t(-2)?
8
Suppose -5*p + 15 = 0, 0 = -5*s + 2*s + 5*p. Suppose 12*r = 13*r. Suppose r*v = -s*v + 215. What is the tens digit of v?
4
What is the tens digit of (((-3)/(-2))/1)/(57/15618)?
1
Suppose -5*n + 27*n - 880 = 0. What is the tens digit of n?
4
Let t(z) = 3*z**2 - 4*z - 5. Let p be 48/18*(-3)/(-2). Let d be t(p). Suppose 5*r + 3*s = 2*s + 111, -r = 5*s - d. What is the units digit of r?
2
Let g be (-1)/((-4)/732*3). Let q = 101 - g. What is the units digit of q?
0
Let q(c) = 3*c + 7. Let i be q(-3). Let d be 9 - (2 - (-10)/i). Suppose -3*j = -3*g + d + 33, -61 = -3*g - j. What is the tens digit of g?
1
Suppose k = -3*k. Suppose k*o = 2*v + 2*o + 10, o = -4*v - 11. Let i(a) = -12*a + 1. What is the units digit of i(v)?
5
Let t(z) = -22*z**2 + z - 1. Suppose -2*x - 7 = 3*p + 5, 4*p - x = -5. Let k(y) = -y + 1. Let h(q) = p*k(q) - t(q). What is the tens digit of h(1)?
2
Suppose -x + 3 = -0. Let g(z) = 0*z**3 - 30*z**2 - 11*z + 38*z**2 + 10 + z**x. What is the tens digit of g(-9)?
2
Let w(k) = -13*k + 80. Let f be w(6). What is the tens digit of 198 - -3 - (f + (1 - 3))?
0
Suppose 2*d = 7*d - i - 128, 0 = -4*d - 4*i + 88. Suppose 4*l = -11 - d. Let b = l + 11. What is the units digit of b?
2
Let p = 3262 + 1048. What is the thousands digit of p?
4
Let n(a) = 4*a + 30. Let u be n(-7). Suppose -u*g + 239 = 5*c, 4*g - 496 = -0*g - 4*c. What is the tens digit of g?
2
Suppose -3*c + 4*u + 36 = 0, 0 = 4*c - 3*c + 5*u + 7. Suppose -9*y = -c*y - 42. What is the units digit of y?
2
Let x(t) = 66*t**2 + t. Let z be ((-12)/(-12))/((-2)/2) + 0. What is the tens digit of x(z)?
6
Suppose -5*s + 62 = -78. Let n(d) = -d + 4. Let m be n(12). Let q = s + m. What is the units digit of q?
0
Let v be -39*1*(-4)/12. Suppose -5*g + 15 = -u, 0 = 3*u - 2*u. Suppose g = q - v. What is the units digit of q?
6
Suppose 0 = 11*w - 8*w - 1020. What is the hundreds digit of w?
3
Let p be (8/3)/((-22)/(-297)). Suppose 41*g - 315 = p*g. What is the tens digit of g?
6
Suppose 0 = -4*c + 5*b - 391 + 3161, 3*c + 4*b - 2093 = 0. What is the tens digit of c?
9
Suppose -4*r = 8, 3*t + 2*r + r = 759. What is the tens digit of t?
5
Let a(f) = 14*f + 15. Let p(t) = t**3 + 2*t**2 - 8*t + 4. Let c be p(-4). What is the tens digit of a(c)?
7
Let r(l) = -l**3 - 9*l**2 + 7*l + 34. What is the tens digit of r(-14)?
1
Suppose -a = d + a + 11, 3*d + 25 = -4*a. Let f be -4*9/(-12) - d. Suppose 7*l = f*l + 18. What is the tens digit of l?
1
Let u = 390 - -1060. What is the units digit of u?
0
Let w(h) = h**2 + 9. Let d be w(0). Let o(y) = -y**2 + 18*y - 13. What is the tens digit of o(d)?
6
Let p = 30 - 27. Suppose 3*v + c = 2*c + 248, -c = p*v - 244. What is the units digit of v?
2
Suppose -17*c = -16*c - 2*l - 708, -3*l = -c + 708. What is the hundreds digit of c?
7
Suppose -5209 = -3*s - u, 16*s + 6940 = 20*s + 4*u. What is the units digit of s?
7
Let p = -4086 - -6546. What is the units digit of p?
0
Let z be (-6)/18 - 2/(-6). Suppose -2*m + 4 + 4 = z. Suppose -m*v = 3*j - 50 - 111, -v = 2*j - 44. What is the tens digit of v?
3
Let p(y) = 353*y + 20. What is the units digit of p(4)?
2
Suppose -3*h = 2*n - 4915, 2*h - 5*n + 1647 = 3*h. What is the tens digit of h?
3
Let u = -307 - -450. Suppose q = u + 22. What is the units digit of q?
5
Let h = 1 - -13. Let i be ((-40)/(-16))/(2/(-8)*-5). What is the units digit of 115/i - (-7)/h?
8
Let u(l) = -l**2 + 3*l - 2. Let f be u(1). Let v(g) = 5. Let y(n) = n + 21. Let h(m) = 9*v(m) - 2*y(m). What is the units digit of h(f)?
3
Let l = 66 - 64. What is the tens digit of (-10)/(l + 145/(-70))?
4
Let z = 955 - -318. What is the tens digit of z?
7
Let y = -160 - -73. Let g = -47 - y. Let u = 15 + g. What is the tens digit of u?
5
Let u be (-784)/(-7) - (-3 + -1). Suppose -7*o - u = -9*o. What is the units digit of o?
8
Suppose -2*y = -0*y - 170. Suppose 3*c + 31 = y. What is the tens digit of c?
1
Let x be 105/75 + (-3)/(-5). Let i be -2 - (-1 + (0 - 139)). Suppose -i = -x*m - m. What is the units digit of m?
6
Suppose 4*o + 0*o + 5*j - 3849 = 0, -3*j = -3*o + 2853. Suppose -5*y = 4*a - 1594, -2*a = 14*y - 11*y - o. What is the hundreds digit of y?
3
Let h = -5 - -7. Suppose 0 = h*w - 4*s - 500, -w - 27 = 5*s - 256. Suppose -5*q + q + 4*v = -w, 3*v - 273 = -5*q. What is the units digit of q?
7
Suppose 65*u = 16*u + 48167. What is the hundreds digit of u?
9
Suppose 136*r = 126*r + 10440. What is the hundreds digit of r?
0
Let h(l) = 2*l**3 + 3*l**3 + 0*l**3 - 14*l**2 - 4*l**3 + 28. What is the units digit of h(14)?
8
Let s(r) = 8*r + 4. Let n be 10 + (-3)/((-9)/(-6)). Suppose -4*x + 24 = n. What is the units digit of s(x)?
6
Let o(n) = n**3 + 22*n**2 + 32*n - 14. What is the hundreds digit of o(-19)?
4
Let c(f) = -128*f**3 + 3*f**2 + f - 3. Let i(p) = 3*p - 58. Let u be i(19). What is the hundreds digit of c(u)?
1
What is the tens digit of ((-3078)/133)/(2/(-168))?
4
What is the tens digit of 3740 + (-5 - 7) - -8?
3
Suppose -24*a + 27*a = 0. Let h = -9 + 13. Suppose 5*m + 0*y = h*y + 75, -5*y = a. What is the tens digit of m?
1
Suppose -2*v + 38 = -4*f - 6, 2*v + 5*f = 35. Suppose 2*g - v = -b, -3*g = -b - 2*g + 35. What is the tens digit of b?
3
Suppose -11 = 5*h - 6*h. Suppose -2*d - 4*z = -56, -5*d - 4*z + 121 - h = 0. What is the units digit of d?
8
Let m(a) = 24*a**3 + 2*a**2 + 2*a + 2. Let s be m(-3). Let k be s/30 + 6/45. Let d = k - -45. What is the tens digit of d?
2
Suppose -4*w + 561 = -599. Let x = w + -198. What is the tens digit of x?
9
Suppose 2*b + 68 = 3*v, 0*v - b = 2*v - 50. Suppose 0 = -5*o - 16 - v. Let q = 31 + o. What is the tens digit of q?
2
Let j(n) = 26*n - 26. What is the hundreds digit of j(19)?
4
Let q be (1 + -2)*(-9 - -8). What is the units digit of q + 3 + 276/4?
3
What is the hundreds digit of 24/((-10)/((-18840)/18))?
5
Suppose -12*z - 9 = -69. Let h be (0 - 2)*(-4)/4. Suppose -z = -i - h. What is the units digit of i?
3
What is the hundreds digit of (1695/60)/(7/1064)?
2
Suppose 0 = -2*m + 36 + 28. What is the tens digit of m?
3
Suppose 134*z - 133*z = w + 4495, 0 = 2*z + 3*w - 9015. What is the hundreds digit of z?
5
Suppose -2188 = -3*z - 5*u,